{"id":582,"date":"2019-05-23T23:05:13","date_gmt":"2019-05-23T23:05:13","guid":{"rendered":"https:\/\/mgamp.com\/site\/?page_id=582"},"modified":"2019-05-24T22:23:00","modified_gmt":"2019-05-24T22:23:00","slug":"eagle-amplifier","status":"publish","type":"page","link":"https:\/\/mgamp.com\/site\/produkty\/eagle-amplifier\/","title":{"rendered":"Eagle"},"content":{"rendered":"\r\n<h2 class=\"wp-block-heading\">Eagle Amplifier<\/h2>\r\n\r\n\r\n\r\n<div class=\"wp-block-image\">\r\n<figure class=\"alignright is-resized\"><img loading=\"lazy\" decoding=\"async\" class=\"wp-image-585\" src=\"https:\/\/mgamp.com\/site\/wp-content\/uploads\/2019\/05\/Eagle_head-Small.jpg\" alt=\"Eagle Head\" width=\"609\" height=\"360\" srcset=\"https:\/\/mgamp.com\/site\/wp-content\/uploads\/2019\/05\/Eagle_head-Small.jpg 812w, https:\/\/mgamp.com\/site\/wp-content\/uploads\/2019\/05\/Eagle_head-Small-600x355.jpg 600w, https:\/\/mgamp.com\/site\/wp-content\/uploads\/2019\/05\/Eagle_head-Small-300x177.jpg 300w, https:\/\/mgamp.com\/site\/wp-content\/uploads\/2019\/05\/Eagle_head-Small-768x454.jpg 768w\" sizes=\"auto, (max-width: 609px) 100vw, 609px\" \/>\r\n<figcaption>Eagle 2&#215;50 head<\/figcaption>\r\n<\/figure>\r\n<\/div>\r\n\r\n\r\n\r\n<p>Eagle &#8211; nowy w pe\u0142ni lampowy HEAD o konstrukcji przedwzmacniacza 4-ro kana\u0142owej, z pe\u0142na regulacja oraz\u00a0 korekcj\u0105 dla ka\u017cdego kana\u0142u. Koncepcja tego wzmacniacza zak\u0142ada\u0142a powstanie wzmacniacza bardziej wszechstronnego od modelu Vulture. Jednocze\u015bnie oferuj\u0105cego bardziej klasyczne rodzaje brzmienia. Ka\u017cdy kana\u0142 posiada 3 prze\u0142\u0105czniki pozwalaj\u0105ce na lepsze dopasowanie do instrumentu oraz typu brzmienia.<\/p>\r\n\r\n\r\n\r\n<p>Kana\u0142y:<br \/>&#8211; CH 1 klasyczny sound typu blackface z prze\u0142\u0105cznikiem bright ( dodanie g\u00f3ry) , modern ( wyeksponowany bas i g\u00f3ra) oraz boost ( zwi\u0119kszenie czu\u0142o\u015bci kana\u0142u ) 3 punktowe EQ, Gain, Volume.<br \/>&#8211; CH 2 stanowi wysokoczu\u0142\u0105 wersj\u0119 kana\u0142u 1. Jest to typowy crunch z identycznymi korekcjami jak kana\u0142 CH 1 .<br \/>&#8211; CH 3 kana\u0142 typu mid oraz high gain typu brytyjskiego nawi\u0105zuj\u0105cy do klasycznych brzmie\u0144 Marshalla. Posiada opr\u00f3cz 3 punktowego EQ prze\u0142\u0105czniki: TYPE ( zmieniaj\u0105cy rodzaj przesterowania ), BOOST ( zwi\u0119kszenie gainu ), MOD ( vintage \/ modern )<br \/>&#8211; CH 4 kana\u0142 high gain typu ameryka\u0144skiego. Posiada standardowe 3 punktowe EQ , gain , volume prze\u0142\u0105czniki: TYPE ( zmiana rodzaju przesterowania ) , boost ( zwi\u0119kszenie gainu ), MOD ( vintage \/ modern)<\/p>\r\n\r\n\r\n\r\n<p>Tak rozbudowany uk\u0142ad przedwzmacniacza daje u\u017cytkownikowi bardzo du\u017ce mo\u017cliwo\u015bci kreowania w\u0142asnego brzmienia. U\u017cytkowanie bez kompromis\u00f3w i pe\u0142n\u0105 swobod\u0119 w doborze charakteru d\u017awi\u0119ku. Eagle ponadto oferuje wzmocnienie o mocy od 50 do 100 wat\u00f3w oraz w wersji stereo 2x 50 wat\u00f3w. Ko\u0144c\u00f3wka Eagle mo\u017ce pracowa\u0107 na lampach 6L6 lub EL34 w trybach pentody lub triody. Za sprz\u0119\u017cenie wzmacniacza z g\u0142o\u015bnikami odpowiada r\u0119cznie wykonywany transformator wyj\u015bciowy.<\/p>\r\n\r\n\r\n\r\n<p>Sterowanie wzmacniaczem odbywa si\u0119 za pomoc\u0105 kontrolera no\u017cnego ( footswitcha) lub poprzez wej\u015bcie MIDI ( komunikaty PC i CC ). Wzmacniacz posiada tak\u017ce p\u0119tl\u0119 efekt\u00f3w, opcjonalnie mo\u017ce by\u0107 wyposa\u017cony w pog\u0142os spr\u0119\u017cynowy, prostownik lampowy , bramk\u0119 szum\u00f3w.<\/p>\r\n\r\n\r\n\r\n<p>W sekcji ko\u0144c\u00f3wki mocy posiada regulacj\u0119 mocy wyj\u015bciowej &#8211; MASTER, SOLO za\u0142\u0105czane footswitchem lub MIDI oraz PRESENCE.<\/p>\r\n\r\n\r\n\r\n<p>&nbsp;<\/p>\r\n\r\n\r\n\r\n<p>&nbsp;<\/p>\r\n\r\n\r\n\r\n<h2 class=\"wp-block-heading\"><strong><em>Specyfikacja:<\/em><\/strong><\/h2>\r\n\r\n\r\n\r\n<ul class=\"wp-block-list\">\r\n<li>Dost\u0119pne warianty: Head 2X50, 50 wat\u00f3w mono , 100 wat\u00f3w mono<\/li>\r\n<li>Lampy: 6x ECC83S (wersja mono 5x ECC83) &amp; 4x\u00a06L6GC JJ -100wat\u00f3w lub 2x50watt (w opcji EL34)<\/li>\r\n<li>Ceramiczne podstawki lamp<\/li>\r\n<li>Moc: 2&#215;50 wat\u00f3w stereo, 50 lub 100 wat\u00f3w mono<\/li>\r\n<li>Ko\u0144c\u00f3wki mocy: push-pull ,klasa AB, sta\u0142a polaryzacja siatek<\/li>\r\n<li>prze\u0142\u0105cznik PENTODA\/TRIODA<\/li>\r\n<li>Wej\u015bcie gitarowe JACK(6,3mm)<\/li>\r\n<li>P\u0119tla efekt\u00f3w: szeregowa z regulacj\u0105 send i return wy\u0142\u0105czana footswitchem<\/li>\r\n<li>Wyj\u015bcia g\u0142o\u015bnikowe:2xJack( 6,3mm); Prze\u0142acznik 4,8,16 OHM<\/li>\r\n<li>Wyj\u015bcie liniowe (0dB)<\/li>\r\n<li>Wyj\u015bcie FOOSWITCH DB-9<\/li>\r\n<li>Przedwzmacniacz: 4 kana\u0142y<\/li>\r\n<li>CH1: 3 punktowe EQ,GAIN,VOLUME,prze\u0142\u0105cznik bright, boost , mod<\/li>\r\n<li>CH2: 3 punktowe EQ,GAIN,VOLUME,prze\u0142\u0105cznik bright, boost , mod<\/li>\r\n<li>CH3: 3 punktowe EQ,GAIN,VOLUME,prze\u0142\u0105cznik\u00a0 type, boost , mod<\/li>\r\n<li>CH4: 3 punktowe EQ,GAIN,VOLUME,prze\u0142\u0105cznik\u00a0 type, boost , mod<\/li>\r\n<li>MASTER (dla wszystkich kana\u0142\u00f3w)<\/li>\r\n<li>SOLO (dla wszystkich kana\u0142\u00f3w) za\u0142\u0105czana footswitchem<\/li>\r\n<li>PRESENCE<\/li>\r\n<li>Prze\u0142\u0105cznik no\u017cny 6 przycisk\u00f3w\u00a0 CHANNEL 1,2,3,4 ; SOLO; FX BYPAS<\/li>\r\n<li>Terminale BIAS TEST do regulacji biasu lamp ko\u0144c\u00f3wki mocy<\/li>\r\n<li>INTERFACE MIDI (MIDI IN , MIDI THRU) sterowanie zmiana kana\u0142\u00f3w, solo,fx loop<\/li>\r\n<li>Wymiary:d\u0142ugo\u015b\u0107-666 mm ,g\u0142\u0119boko\u015b\u0107-232 mm,wysoko\u015b\u0107- 250mm<\/li>\r\n<li>Waga: 17 kg &#8211; 50 wat\u00f3w , 19 kg &#8211; 100 wat\u00f3w,<\/li>\r\n<\/ul>\r\n\r\n<!--[if lt IE 9]><script>document.createElement('audio');<\/script><![endif]-->\n\t<div class=\"wp-playlist wp-audio-playlist wp-playlist-light\">\n\t\t\t<div class=\"wp-playlist-current-item\"><\/div>\n\t\t<audio controls=\"controls\" preload=\"none\" width=\"1148\"\n\t\t\t><\/audio>\n\t<div class=\"wp-playlist-next\"><\/div>\n\t<div class=\"wp-playlist-prev\"><\/div>\n\t<noscript>\n\t<ol>\n\t\t<li><a href='https:\/\/mgamp.com\/site\/wp-content\/uploads\/2019\/05\/Eagle-ch1-strat.mp3'>Eagle ch1 strat<\/a><\/li><li><a href='https:\/\/mgamp.com\/site\/wp-content\/uploads\/2019\/05\/Eagle-ch1-p90.mp3'>Eagle ch1 p90<\/a><\/li><li><a href='https:\/\/mgamp.com\/site\/wp-content\/uploads\/2019\/05\/Eagle-Ch2-gibson.mp3'>Eagle Ch2 gibson<\/a><\/li><li><a href='https:\/\/mgamp.com\/site\/wp-content\/uploads\/2019\/05\/Eagle-ch3-p90.mp3'>Eagle ch3 p90<\/a><\/li><li><a href='https:\/\/mgamp.com\/site\/wp-content\/uploads\/2019\/05\/vicol-Eagle-ch3.mp3'>vicol Eagle ch3<\/a><\/li><li><a href='https:\/\/mgamp.com\/site\/wp-content\/uploads\/2019\/05\/vicol-Eagle-ch4.mp3'>vicol Eagle ch4<\/a><\/li>\t<\/ol>\n\t<\/noscript>\n\t<script type=\"application\/json\" class=\"wp-playlist-script\">{\"type\":\"audio\",\"tracklist\":true,\"tracknumbers\":true,\"images\":true,\"artists\":true,\"tracks\":[{\"src\":\"https:\\\/\\\/mgamp.com\\\/site\\\/wp-content\\\/uploads\\\/2019\\\/05\\\/Eagle-ch1-strat.mp3\",\"type\":\"audio\\\/mpeg\",\"title\":\"Eagle ch1 strat\",\"caption\":\"\",\"description\":\"\\\"Eagle ch1 strat\\\".\",\"meta\":{\"length_formatted\":\"0:18\"},\"image\":{\"src\":\"https:\\\/\\\/mgamp.com\\\/site\\\/wp-includes\\\/images\\\/media\\\/audio.svg\",\"width\":48,\"height\":64},\"thumb\":{\"src\":\"https:\\\/\\\/mgamp.com\\\/site\\\/wp-includes\\\/images\\\/media\\\/audio.svg\",\"width\":48,\"height\":64}},{\"src\":\"https:\\\/\\\/mgamp.com\\\/site\\\/wp-content\\\/uploads\\\/2019\\\/05\\\/Eagle-ch1-p90.mp3\",\"type\":\"audio\\\/mpeg\",\"title\":\"Eagle ch1 p90\",\"caption\":\"\",\"description\":\"\\\"Eagle ch1 p90\\\".\",\"meta\":{\"length_formatted\":\"0:30\"},\"image\":{\"src\":\"https:\\\/\\\/mgamp.com\\\/site\\\/wp-includes\\\/images\\\/media\\\/audio.svg\",\"width\":48,\"height\":64},\"thumb\":{\"src\":\"https:\\\/\\\/mgamp.com\\\/site\\\/wp-includes\\\/images\\\/media\\\/audio.svg\",\"width\":48,\"height\":64}},{\"src\":\"https:\\\/\\\/mgamp.com\\\/site\\\/wp-content\\\/uploads\\\/2019\\\/05\\\/Eagle-Ch2-gibson.mp3\",\"type\":\"audio\\\/mpeg\",\"title\":\"Eagle Ch2 gibson\",\"caption\":\"\",\"description\":\"\\\"Eagle Ch2 gibson\\\".\",\"meta\":{\"length_formatted\":\"0:30\"},\"image\":{\"src\":\"https:\\\/\\\/mgamp.com\\\/site\\\/wp-includes\\\/images\\\/media\\\/audio.svg\",\"width\":48,\"height\":64},\"thumb\":{\"src\":\"https:\\\/\\\/mgamp.com\\\/site\\\/wp-includes\\\/images\\\/media\\\/audio.svg\",\"width\":48,\"height\":64}},{\"src\":\"https:\\\/\\\/mgamp.com\\\/site\\\/wp-content\\\/uploads\\\/2019\\\/05\\\/Eagle-ch3-p90.mp3\",\"type\":\"audio\\\/mpeg\",\"title\":\"Eagle ch3 p90\",\"caption\":\"\",\"description\":\"\\\"Eagle ch3 p90\\\".\",\"meta\":{\"length_formatted\":\"0:30\"},\"image\":{\"src\":\"https:\\\/\\\/mgamp.com\\\/site\\\/wp-includes\\\/images\\\/media\\\/audio.svg\",\"width\":48,\"height\":64},\"thumb\":{\"src\":\"https:\\\/\\\/mgamp.com\\\/site\\\/wp-includes\\\/images\\\/media\\\/audio.svg\",\"width\":48,\"height\":64}},{\"src\":\"https:\\\/\\\/mgamp.com\\\/site\\\/wp-content\\\/uploads\\\/2019\\\/05\\\/vicol-Eagle-ch3.mp3\",\"type\":\"audio\\\/mpeg\",\"title\":\"vicol Eagle ch3\",\"caption\":\"\",\"description\":\"\\\"vicol Eagle ch3\\\".\",\"meta\":{\"length_formatted\":\"0:49\"},\"image\":{\"src\":\"https:\\\/\\\/mgamp.com\\\/site\\\/wp-includes\\\/images\\\/media\\\/audio.svg\",\"width\":48,\"height\":64},\"thumb\":{\"src\":\"https:\\\/\\\/mgamp.com\\\/site\\\/wp-includes\\\/images\\\/media\\\/audio.svg\",\"width\":48,\"height\":64}},{\"src\":\"https:\\\/\\\/mgamp.com\\\/site\\\/wp-content\\\/uploads\\\/2019\\\/05\\\/vicol-Eagle-ch4.mp3\",\"type\":\"audio\\\/mpeg\",\"title\":\"vicol Eagle ch4\",\"caption\":\"\",\"description\":\"\\\"vicol Eagle ch4\\\".\",\"meta\":{\"length_formatted\":\"0:49\"},\"image\":{\"src\":\"https:\\\/\\\/mgamp.com\\\/site\\\/wp-includes\\\/images\\\/media\\\/audio.svg\",\"width\":48,\"height\":64},\"thumb\":{\"src\":\"https:\\\/\\\/mgamp.com\\\/site\\\/wp-includes\\\/images\\\/media\\\/audio.svg\",\"width\":48,\"height\":64}}]}<\/script>\n<\/div>\n\t\r\n<p>&nbsp;<\/p>\r\n\r\n<ul class=\"wp-block-gallery aligncenter columns-3 is-cropped wp-block-gallery-1 is-layout-flex wp-block-gallery-is-layout-flex\">\r\n<li class=\"blocks-gallery-item\">\r\n<figure><img loading=\"lazy\" decoding=\"async\" width=\"812\" height=\"480\" class=\"wp-image-589\" src=\"https:\/\/mgamp.com\/site\/wp-content\/uploads\/2019\/05\/Eagle_blonde-Small.jpg\" alt=\"\" data-id=\"589\" data-link=\"https:\/\/mgamp.com\/site\/?attachment_id=589#main\" srcset=\"https:\/\/mgamp.com\/site\/wp-content\/uploads\/2019\/05\/Eagle_blonde-Small.jpg 812w, https:\/\/mgamp.com\/site\/wp-content\/uploads\/2019\/05\/Eagle_blonde-Small-600x355.jpg 600w, https:\/\/mgamp.com\/site\/wp-content\/uploads\/2019\/05\/Eagle_blonde-Small-300x177.jpg 300w, https:\/\/mgamp.com\/site\/wp-content\/uploads\/2019\/05\/Eagle_blonde-Small-768x454.jpg 768w\" sizes=\"auto, (max-width: 812px) 100vw, 812px\" \/>\r\n<figcaption>Eagle BLONDE<\/figcaption>\r\n<\/figure>\r\n<\/li>\r\n<li class=\"blocks-gallery-item\">\r\n<figure><img loading=\"lazy\" decoding=\"async\" width=\"812\" height=\"480\" class=\"wp-image-590\" src=\"https:\/\/mgamp.com\/site\/wp-content\/uploads\/2019\/05\/Eagle_red-Small.jpg\" alt=\"\" data-id=\"590\" data-link=\"https:\/\/mgamp.com\/site\/?attachment_id=590#main\" srcset=\"https:\/\/mgamp.com\/site\/wp-content\/uploads\/2019\/05\/Eagle_red-Small.jpg 812w, https:\/\/mgamp.com\/site\/wp-content\/uploads\/2019\/05\/Eagle_red-Small-600x355.jpg 600w, https:\/\/mgamp.com\/site\/wp-content\/uploads\/2019\/05\/Eagle_red-Small-300x177.jpg 300w, https:\/\/mgamp.com\/site\/wp-content\/uploads\/2019\/05\/Eagle_red-Small-768x454.jpg 768w\" sizes=\"auto, (max-width: 812px) 100vw, 812px\" \/>\r\n<figcaption>Eagle RED<\/figcaption>\r\n<\/figure>\r\n<\/li>\r\n<li class=\"blocks-gallery-item\">\r\n<figure><img loading=\"lazy\" decoding=\"async\" width=\"812\" height=\"480\" class=\"wp-image-595\" src=\"https:\/\/mgamp.com\/site\/wp-content\/uploads\/2019\/05\/Eagle_apple-Small.jpg\" alt=\"\" data-id=\"595\" data-link=\"https:\/\/mgamp.com\/site\/?attachment_id=595#main\" srcset=\"https:\/\/mgamp.com\/site\/wp-content\/uploads\/2019\/05\/Eagle_apple-Small.jpg 812w, https:\/\/mgamp.com\/site\/wp-content\/uploads\/2019\/05\/Eagle_apple-Small-600x355.jpg 600w, https:\/\/mgamp.com\/site\/wp-content\/uploads\/2019\/05\/Eagle_apple-Small-300x177.jpg 300w, https:\/\/mgamp.com\/site\/wp-content\/uploads\/2019\/05\/Eagle_apple-Small-768x454.jpg 768w\" sizes=\"auto, (max-width: 812px) 100vw, 812px\" \/>\r\n<figcaption>Eagle Apple<\/figcaption>\r\n<\/figure>\r\n<\/li>\r\n<\/ul>\r\n","protected":false},"excerpt":{"rendered":"<p>Eagle Amplifier Eagle &#8211; nowy w pe\u0142ni lampowy HEAD o konstrukcji przedwzmacniacza 4-ro kana\u0142owej, z pe\u0142na regulacja oraz\u00a0 korekcj\u0105 dla ka\u017cdego kana\u0142u. Koncepcja tego wzmacniacza zak\u0142ada\u0142a powstanie wzmacniacza bardziej wszechstronnego od modelu Vulture. Jednocze\u015bnie oferuj\u0105cego bardziej klasyczne rodzaje brzmienia. Ka\u017cdy kana\u0142 posiada 3 prze\u0142\u0105czniki pozwalaj\u0105ce na lepsze dopasowanie do instrumentu oraz typu brzmienia. Kana\u0142y:&#8211; CH<\/p>\n<p><a href=\"https:\/\/mgamp.com\/site\/produkty\/eagle-amplifier\/\" class=\"more-link themebutton\">Read More<\/a><\/p>\n","protected":false},"author":1,"featured_media":0,"parent":17,"menu_order":1,"comment_status":"closed","ping_status":"closed","template":"","meta":{"footnotes":""},"class_list":["post-582","page","type-page","status-publish","hentry"],"yoast_head":"<!-- This site is optimized with the Yoast SEO plugin v27.5 - https:\/\/yoast.com\/product\/yoast-seo-wordpress\/ -->\n<title>Eagle - MG AMPLIFICATION<\/title>\n<meta name=\"description\" content=\"eagle amplifier mgamplification mg head wzmacniacz lampowy gitarowy\" \/>\n<meta name=\"robots\" content=\"index, follow, max-snippet:-1, max-image-preview:large, max-video-preview:-1\" \/>\n<link rel=\"canonical\" href=\"https:\/\/mgamp.com\/site\/produkty\/eagle-amplifier\/\" \/>\n<meta property=\"og:locale\" content=\"pl_PL\" \/>\n<meta property=\"og:type\" content=\"article\" \/>\n<meta property=\"og:title\" content=\"Eagle - MG AMPLIFICATION\" \/>\n<meta property=\"og:description\" content=\"eagle amplifier mgamplification mg head wzmacniacz lampowy gitarowy\" \/>\n<meta property=\"og:url\" content=\"https:\/\/mgamp.com\/site\/produkty\/eagle-amplifier\/\" \/>\n<meta property=\"og:site_name\" content=\"MG AMPLIFICATION\" \/>\n<meta property=\"article:modified_time\" content=\"2019-05-24T22:23:00+00:00\" \/>\n<meta property=\"og:image\" content=\"https:\/\/mgamp.com\/site\/wp-content\/uploads\/2019\/05\/Eagle_head-Small.jpg\" \/>\n\t<meta property=\"og:image:width\" content=\"812\" \/>\n\t<meta property=\"og:image:height\" content=\"480\" \/>\n\t<meta property=\"og:image:type\" content=\"image\/jpeg\" \/>\n<meta name=\"twitter:card\" content=\"summary_large_image\" \/>\n<meta name=\"twitter:label1\" content=\"Szacowany czas czytania\" \/>\n\t<meta name=\"twitter:data1\" content=\"3 minuty\" \/>\n<script type=\"application\/ld+json\" class=\"yoast-schema-graph\">{\"@context\":\"https:\\\/\\\/schema.org\",\"@graph\":[{\"@type\":\"WebPage\",\"@id\":\"https:\\\/\\\/mgamp.com\\\/site\\\/produkty\\\/eagle-amplifier\\\/\",\"url\":\"https:\\\/\\\/mgamp.com\\\/site\\\/produkty\\\/eagle-amplifier\\\/\",\"name\":\"Eagle - MG AMPLIFICATION\",\"isPartOf\":{\"@id\":\"https:\\\/\\\/mgamp.com\\\/site\\\/#website\"},\"primaryImageOfPage\":{\"@id\":\"https:\\\/\\\/mgamp.com\\\/site\\\/produkty\\\/eagle-amplifier\\\/#primaryimage\"},\"image\":{\"@id\":\"https:\\\/\\\/mgamp.com\\\/site\\\/produkty\\\/eagle-amplifier\\\/#primaryimage\"},\"thumbnailUrl\":\"https:\\\/\\\/mgamp.com\\\/site\\\/wp-content\\\/uploads\\\/2019\\\/05\\\/Eagle_head-Small.jpg\",\"datePublished\":\"2019-05-23T23:05:13+00:00\",\"dateModified\":\"2019-05-24T22:23:00+00:00\",\"description\":\"eagle amplifier mgamplification mg head wzmacniacz lampowy gitarowy\",\"breadcrumb\":{\"@id\":\"https:\\\/\\\/mgamp.com\\\/site\\\/produkty\\\/eagle-amplifier\\\/#breadcrumb\"},\"inLanguage\":\"pl-PL\",\"potentialAction\":[{\"@type\":\"ReadAction\",\"target\":[\"https:\\\/\\\/mgamp.com\\\/site\\\/produkty\\\/eagle-amplifier\\\/\"]}]},{\"@type\":\"ImageObject\",\"inLanguage\":\"pl-PL\",\"@id\":\"https:\\\/\\\/mgamp.com\\\/site\\\/produkty\\\/eagle-amplifier\\\/#primaryimage\",\"url\":\"https:\\\/\\\/mgamp.com\\\/site\\\/wp-content\\\/uploads\\\/2019\\\/05\\\/Eagle_head-Small.jpg\",\"contentUrl\":\"https:\\\/\\\/mgamp.com\\\/site\\\/wp-content\\\/uploads\\\/2019\\\/05\\\/Eagle_head-Small.jpg\",\"width\":812,\"height\":480,\"caption\":\"Eagle Head\"},{\"@type\":\"BreadcrumbList\",\"@id\":\"https:\\\/\\\/mgamp.com\\\/site\\\/produkty\\\/eagle-amplifier\\\/#breadcrumb\",\"itemListElement\":[{\"@type\":\"ListItem\",\"position\":1,\"name\":\"Strona g\u0142\u00f3wna\",\"item\":\"https:\\\/\\\/mgamp.com\\\/site\\\/\"},{\"@type\":\"ListItem\",\"position\":2,\"name\":\"Wzmacniacze\",\"item\":\"https:\\\/\\\/mgamp.com\\\/site\\\/produkty\\\/\"},{\"@type\":\"ListItem\",\"position\":3,\"name\":\"Eagle\"}]},{\"@type\":\"WebSite\",\"@id\":\"https:\\\/\\\/mgamp.com\\\/site\\\/#website\",\"url\":\"https:\\\/\\\/mgamp.com\\\/site\\\/\",\"name\":\"MG AMPLIFICATION\",\"description\":\"Gitarowe wzmacniacze lampowe\",\"potentialAction\":[{\"@type\":\"SearchAction\",\"target\":{\"@type\":\"EntryPoint\",\"urlTemplate\":\"https:\\\/\\\/mgamp.com\\\/site\\\/?s={search_term_string}\"},\"query-input\":{\"@type\":\"PropertyValueSpecification\",\"valueRequired\":true,\"valueName\":\"search_term_string\"}}],\"inLanguage\":\"pl-PL\"}]}<\/script>\n<!-- \/ Yoast SEO plugin. -->","yoast_head_json":{"title":"Eagle - MG AMPLIFICATION","description":"eagle amplifier mgamplification mg head wzmacniacz lampowy gitarowy","robots":{"index":"index","follow":"follow","max-snippet":"max-snippet:-1","max-image-preview":"max-image-preview:large","max-video-preview":"max-video-preview:-1"},"canonical":"https:\/\/mgamp.com\/site\/produkty\/eagle-amplifier\/","og_locale":"pl_PL","og_type":"article","og_title":"Eagle - MG AMPLIFICATION","og_description":"eagle amplifier mgamplification mg head wzmacniacz lampowy gitarowy","og_url":"https:\/\/mgamp.com\/site\/produkty\/eagle-amplifier\/","og_site_name":"MG AMPLIFICATION","article_modified_time":"2019-05-24T22:23:00+00:00","og_image":[{"width":812,"height":480,"url":"https:\/\/mgamp.com\/site\/wp-content\/uploads\/2019\/05\/Eagle_head-Small.jpg","type":"image\/jpeg"}],"twitter_card":"summary_large_image","twitter_misc":{"Szacowany czas czytania":"3 minuty"},"schema":{"@context":"https:\/\/schema.org","@graph":[{"@type":"WebPage","@id":"https:\/\/mgamp.com\/site\/produkty\/eagle-amplifier\/","url":"https:\/\/mgamp.com\/site\/produkty\/eagle-amplifier\/","name":"Eagle - MG AMPLIFICATION","isPartOf":{"@id":"https:\/\/mgamp.com\/site\/#website"},"primaryImageOfPage":{"@id":"https:\/\/mgamp.com\/site\/produkty\/eagle-amplifier\/#primaryimage"},"image":{"@id":"https:\/\/mgamp.com\/site\/produkty\/eagle-amplifier\/#primaryimage"},"thumbnailUrl":"https:\/\/mgamp.com\/site\/wp-content\/uploads\/2019\/05\/Eagle_head-Small.jpg","datePublished":"2019-05-23T23:05:13+00:00","dateModified":"2019-05-24T22:23:00+00:00","description":"eagle amplifier mgamplification mg head wzmacniacz lampowy gitarowy","breadcrumb":{"@id":"https:\/\/mgamp.com\/site\/produkty\/eagle-amplifier\/#breadcrumb"},"inLanguage":"pl-PL","potentialAction":[{"@type":"ReadAction","target":["https:\/\/mgamp.com\/site\/produkty\/eagle-amplifier\/"]}]},{"@type":"ImageObject","inLanguage":"pl-PL","@id":"https:\/\/mgamp.com\/site\/produkty\/eagle-amplifier\/#primaryimage","url":"https:\/\/mgamp.com\/site\/wp-content\/uploads\/2019\/05\/Eagle_head-Small.jpg","contentUrl":"https:\/\/mgamp.com\/site\/wp-content\/uploads\/2019\/05\/Eagle_head-Small.jpg","width":812,"height":480,"caption":"Eagle Head"},{"@type":"BreadcrumbList","@id":"https:\/\/mgamp.com\/site\/produkty\/eagle-amplifier\/#breadcrumb","itemListElement":[{"@type":"ListItem","position":1,"name":"Strona g\u0142\u00f3wna","item":"https:\/\/mgamp.com\/site\/"},{"@type":"ListItem","position":2,"name":"Wzmacniacze","item":"https:\/\/mgamp.com\/site\/produkty\/"},{"@type":"ListItem","position":3,"name":"Eagle"}]},{"@type":"WebSite","@id":"https:\/\/mgamp.com\/site\/#website","url":"https:\/\/mgamp.com\/site\/","name":"MG AMPLIFICATION","description":"Gitarowe wzmacniacze lampowe","potentialAction":[{"@type":"SearchAction","target":{"@type":"EntryPoint","urlTemplate":"https:\/\/mgamp.com\/site\/?s={search_term_string}"},"query-input":{"@type":"PropertyValueSpecification","valueRequired":true,"valueName":"search_term_string"}}],"inLanguage":"pl-PL"}]}},"_links":{"self":[{"href":"https:\/\/mgamp.com\/site\/wp-json\/wp\/v2\/pages\/582","targetHints":{"allow":["GET"]}}],"collection":[{"href":"https:\/\/mgamp.com\/site\/wp-json\/wp\/v2\/pages"}],"about":[{"href":"https:\/\/mgamp.com\/site\/wp-json\/wp\/v2\/types\/page"}],"author":[{"embeddable":true,"href":"https:\/\/mgamp.com\/site\/wp-json\/wp\/v2\/users\/1"}],"replies":[{"embeddable":true,"href":"https:\/\/mgamp.com\/site\/wp-json\/wp\/v2\/comments?post=582"}],"version-history":[{"count":20,"href":"https:\/\/mgamp.com\/site\/wp-json\/wp\/v2\/pages\/582\/revisions"}],"predecessor-version":[{"id":615,"href":"https:\/\/mgamp.com\/site\/wp-json\/wp\/v2\/pages\/582\/revisions\/615"}],"up":[{"embeddable":true,"href":"https:\/\/mgamp.com\/site\/wp-json\/wp\/v2\/pages\/17"}],"wp:attachment":[{"href":"https:\/\/mgamp.com\/site\/wp-json\/wp\/v2\/media?parent=582"}],"curies":[{"name":"wp","href":"https:\/\/api.w.org\/{rel}","templated":true}]}}