{"id":53,"date":"2015-05-14T22:25:45","date_gmt":"2015-05-14T22:25:45","guid":{"rendered":"https:\/\/mgamp.com\/site\/?page_id=53"},"modified":"2017-02-03T11:08:17","modified_gmt":"2017-02-03T11:08:17","slug":"video","status":"publish","type":"page","link":"https:\/\/mgamp.com\/site\/about\/video\/","title":{"rendered":"Video"},"content":{"rendered":"<h2 class=\"watch-title-container\"><span id=\"eow-title\" class=\"watch-title\" dir=\"ltr\" title=\"Periphery - Marigold Guitar Cover by Loki\">Periphery &#8211; Marigold Guitar Cover by Loki <\/span><\/h2>\n<p><iframe loading=\"lazy\" src=\"https:\/\/www.youtube.com\/embed\/oZbksoZb9to?rel=0\" width=\"560\" height=\"315\" frameborder=\"0\" allowfullscreen=\"allowfullscreen\"><\/iframe><\/p>\n<h2>Cezary Ksi\u0105\u017cka &#8211; Recenzja &#8222;V1&#8221; Head<\/h2>\n<p><iframe loading=\"lazy\" src=\"https:\/\/www.youtube.com\/embed\/tv8U7HqhHY4\" width=\"560\" height=\"315\" frameborder=\"0\" allowfullscreen=\"allowfullscreen\"><\/iframe><\/p>\n<h2>Cezary Ksi\u0105\u017cka &#8211; Recenzja Vintage 50 Head+ Kolumna Mg212 (Vintage 30)<\/h2>\n<p><iframe loading=\"lazy\" src=\"https:\/\/www.youtube.com\/embed\/aWJE-FbG1Xk?rel=0\" width=\"560\" height=\"315\" frameborder=\"0\" allowfullscreen=\"allowfullscreen\"><\/iframe><\/p>\n<h2>Maciej Flis &#8211; Steve Vai cover &#8211; Vulture head<\/h2>\n<p><object data=\"http:\/\/www.youtube.com\/v\/dde5DlFfR7g\" type=\"application\/x-shockwave-flash\" width=\"640\" height=\"372\"><\/object><\/p>\n<p>&nbsp;<\/p>\n<h2>Adam Szaruga prezentuje sw\u00f3j sygnowany model wzmacniacza<\/h2>\n<p><object data=\"http:\/\/www.youtube.com\/v\/S0HPE42mcn0&amp;feature\" type=\"application\/x-shockwave-flash\" width=\"640\" height=\"372\"><\/object><\/p>\n<p>&nbsp;<\/p>\n<h2>Marcin Du\u0144ski &#8211; Vulture 2&#215;50<span class=\"modxtag\">\u00a0<\/span><span class=\"modxtag\"><br \/>\n<\/span><\/h2>\n<p><object data=\"http:\/\/www.youtube.com\/v\/AtB_sOHBs0Y&amp;hl=pl&amp;fs=1&amp;\" type=\"application\/x-shockwave-flash\" width=\"640\" height=\"372\"><\/object><\/p>\n","protected":false},"excerpt":{"rendered":"<p>Periphery &#8211; Marigold Guitar Cover by Loki Cezary Ksi\u0105\u017cka &#8211; Recenzja &#8222;V1&#8221; Head Cezary Ksi\u0105\u017cka &#8211; Recenzja Vintage 50 Head+ Kolumna Mg212 (Vintage 30) Maciej Flis &#8211; Steve Vai cover &#8211; Vulture head &nbsp; Adam Szaruga prezentuje sw\u00f3j sygnowany model wzmacniacza &nbsp; Marcin Du\u0144ski &#8211; Vulture 2&#215;50\u00a0<\/p>\n","protected":false},"author":1,"featured_media":0,"parent":2,"menu_order":5,"comment_status":"closed","ping_status":"open","template":"","meta":{"footnotes":""},"class_list":["post-53","page","type-page","status-publish","hentry"],"yoast_head":"<!-- This site is optimized with the Yoast SEO plugin v27.4 - https:\/\/yoast.com\/product\/yoast-seo-wordpress\/ -->\n<title>Video - MG AMPLIFICATION<\/title>\n<meta name=\"robots\" content=\"index, follow, max-snippet:-1, max-image-preview:large, max-video-preview:-1\" \/>\n<link rel=\"canonical\" href=\"https:\/\/mgamp.com\/site\/about\/video\/\" \/>\n<meta property=\"og:locale\" content=\"pl_PL\" \/>\n<meta property=\"og:type\" content=\"article\" \/>\n<meta property=\"og:title\" content=\"Video - MG AMPLIFICATION\" \/>\n<meta property=\"og:description\" content=\"Periphery &#8211; Marigold Guitar Cover by Loki Cezary Ksi\u0105\u017cka &#8211; Recenzja &#8222;V1&#8221; Head Cezary Ksi\u0105\u017cka &#8211; Recenzja Vintage 50 Head+ Kolumna Mg212 (Vintage 30) Maciej Flis &#8211; Steve Vai cover &#8211; Vulture head &nbsp; Adam Szaruga prezentuje sw\u00f3j sygnowany model wzmacniacza &nbsp; Marcin Du\u0144ski &#8211; Vulture 2&#215;50\u00a0\" \/>\n<meta property=\"og:url\" content=\"https:\/\/mgamp.com\/site\/about\/video\/\" \/>\n<meta property=\"og:site_name\" content=\"MG AMPLIFICATION\" \/>\n<meta property=\"article:modified_time\" content=\"2017-02-03T11:08:17+00:00\" \/>\n<meta name=\"twitter:card\" content=\"summary_large_image\" \/>\n<script type=\"application\/ld+json\" class=\"yoast-schema-graph\">{\"@context\":\"https:\\\/\\\/schema.org\",\"@graph\":[{\"@type\":\"WebPage\",\"@id\":\"https:\\\/\\\/mgamp.com\\\/site\\\/about\\\/video\\\/\",\"url\":\"https:\\\/\\\/mgamp.com\\\/site\\\/about\\\/video\\\/\",\"name\":\"Video - MG AMPLIFICATION\",\"isPartOf\":{\"@id\":\"https:\\\/\\\/mgamp.com\\\/site\\\/#website\"},\"datePublished\":\"2015-05-14T22:25:45+00:00\",\"dateModified\":\"2017-02-03T11:08:17+00:00\",\"breadcrumb\":{\"@id\":\"https:\\\/\\\/mgamp.com\\\/site\\\/about\\\/video\\\/#breadcrumb\"},\"inLanguage\":\"pl-PL\",\"potentialAction\":[{\"@type\":\"ReadAction\",\"target\":[\"https:\\\/\\\/mgamp.com\\\/site\\\/about\\\/video\\\/\"]}]},{\"@type\":\"BreadcrumbList\",\"@id\":\"https:\\\/\\\/mgamp.com\\\/site\\\/about\\\/video\\\/#breadcrumb\",\"itemListElement\":[{\"@type\":\"ListItem\",\"position\":1,\"name\":\"Strona g\u0142\u00f3wna\",\"item\":\"https:\\\/\\\/mgamp.com\\\/site\\\/\"},{\"@type\":\"ListItem\",\"position\":2,\"name\":\"Home\",\"item\":\"https:\\\/\\\/mgamp.com\\\/site\\\/\"},{\"@type\":\"ListItem\",\"position\":3,\"name\":\"Video\"}]},{\"@type\":\"WebSite\",\"@id\":\"https:\\\/\\\/mgamp.com\\\/site\\\/#website\",\"url\":\"https:\\\/\\\/mgamp.com\\\/site\\\/\",\"name\":\"MG AMPLIFICATION\",\"description\":\"Gitarowe wzmacniacze lampowe\",\"potentialAction\":[{\"@type\":\"SearchAction\",\"target\":{\"@type\":\"EntryPoint\",\"urlTemplate\":\"https:\\\/\\\/mgamp.com\\\/site\\\/?s={search_term_string}\"},\"query-input\":{\"@type\":\"PropertyValueSpecification\",\"valueRequired\":true,\"valueName\":\"search_term_string\"}}],\"inLanguage\":\"pl-PL\"}]}<\/script>\n<!-- \/ Yoast SEO plugin. -->","yoast_head_json":{"title":"Video - MG AMPLIFICATION","robots":{"index":"index","follow":"follow","max-snippet":"max-snippet:-1","max-image-preview":"max-image-preview:large","max-video-preview":"max-video-preview:-1"},"canonical":"https:\/\/mgamp.com\/site\/about\/video\/","og_locale":"pl_PL","og_type":"article","og_title":"Video - MG AMPLIFICATION","og_description":"Periphery &#8211; Marigold Guitar Cover by Loki Cezary Ksi\u0105\u017cka &#8211; Recenzja &#8222;V1&#8221; Head Cezary Ksi\u0105\u017cka &#8211; Recenzja Vintage 50 Head+ Kolumna Mg212 (Vintage 30) Maciej Flis &#8211; Steve Vai cover &#8211; Vulture head &nbsp; Adam Szaruga prezentuje sw\u00f3j sygnowany model wzmacniacza &nbsp; Marcin Du\u0144ski &#8211; Vulture 2&#215;50\u00a0","og_url":"https:\/\/mgamp.com\/site\/about\/video\/","og_site_name":"MG AMPLIFICATION","article_modified_time":"2017-02-03T11:08:17+00:00","twitter_card":"summary_large_image","schema":{"@context":"https:\/\/schema.org","@graph":[{"@type":"WebPage","@id":"https:\/\/mgamp.com\/site\/about\/video\/","url":"https:\/\/mgamp.com\/site\/about\/video\/","name":"Video - MG AMPLIFICATION","isPartOf":{"@id":"https:\/\/mgamp.com\/site\/#website"},"datePublished":"2015-05-14T22:25:45+00:00","dateModified":"2017-02-03T11:08:17+00:00","breadcrumb":{"@id":"https:\/\/mgamp.com\/site\/about\/video\/#breadcrumb"},"inLanguage":"pl-PL","potentialAction":[{"@type":"ReadAction","target":["https:\/\/mgamp.com\/site\/about\/video\/"]}]},{"@type":"BreadcrumbList","@id":"https:\/\/mgamp.com\/site\/about\/video\/#breadcrumb","itemListElement":[{"@type":"ListItem","position":1,"name":"Strona g\u0142\u00f3wna","item":"https:\/\/mgamp.com\/site\/"},{"@type":"ListItem","position":2,"name":"Home","item":"https:\/\/mgamp.com\/site\/"},{"@type":"ListItem","position":3,"name":"Video"}]},{"@type":"WebSite","@id":"https:\/\/mgamp.com\/site\/#website","url":"https:\/\/mgamp.com\/site\/","name":"MG AMPLIFICATION","description":"Gitarowe wzmacniacze lampowe","potentialAction":[{"@type":"SearchAction","target":{"@type":"EntryPoint","urlTemplate":"https:\/\/mgamp.com\/site\/?s={search_term_string}"},"query-input":{"@type":"PropertyValueSpecification","valueRequired":true,"valueName":"search_term_string"}}],"inLanguage":"pl-PL"}]}},"_links":{"self":[{"href":"https:\/\/mgamp.com\/site\/wp-json\/wp\/v2\/pages\/53","targetHints":{"allow":["GET"]}}],"collection":[{"href":"https:\/\/mgamp.com\/site\/wp-json\/wp\/v2\/pages"}],"about":[{"href":"https:\/\/mgamp.com\/site\/wp-json\/wp\/v2\/types\/page"}],"author":[{"embeddable":true,"href":"https:\/\/mgamp.com\/site\/wp-json\/wp\/v2\/users\/1"}],"replies":[{"embeddable":true,"href":"https:\/\/mgamp.com\/site\/wp-json\/wp\/v2\/comments?post=53"}],"version-history":[{"count":12,"href":"https:\/\/mgamp.com\/site\/wp-json\/wp\/v2\/pages\/53\/revisions"}],"predecessor-version":[{"id":481,"href":"https:\/\/mgamp.com\/site\/wp-json\/wp\/v2\/pages\/53\/revisions\/481"}],"up":[{"embeddable":true,"href":"https:\/\/mgamp.com\/site\/wp-json\/wp\/v2\/pages\/2"}],"wp:attachment":[{"href":"https:\/\/mgamp.com\/site\/wp-json\/wp\/v2\/media?parent=53"}],"curies":[{"name":"wp","href":"https:\/\/api.w.org\/{rel}","templated":true}]}}